{"id":164,"date":"2014-03-13T16:09:55","date_gmt":"2014-03-13T16:09:55","guid":{"rendered":"http:\/\/splomno.ibip.info\/?page_id=164"},"modified":"2017-12-11T19:11:41","modified_gmt":"2017-12-11T18:11:41","slug":"struktura-organizacyjna","status":"publish","type":"page","link":"https:\/\/splomno.ibip.info\/?page_id=164","title":{"rendered":"Struktura organizacyjna"},"content":{"rendered":"<p>Publiczna Szko\u0142a Podstawowa w \u0141omnie jest samodzieln\u0105 jednostk\u0105 organizacyjn\u0105 z oddzia\u0142ami przedszkolnymi.<br \/>\n<strong>Organ prowadz\u0105cy<\/strong>: Gmina Paw\u0142\u00f3w<br \/>\n<strong>Organ nadzoruj\u0105cy<\/strong>: Kuratorium O\u015bwiaty w Kielcach<br \/>\n<strong>Pracownicy pedagogiczni<\/strong><br \/>\n\u2022 nauczyciele pe\u0142nozatrudnieni<br \/>\n\u2022 nauczyciele niepe\u0142nozatrudnieni<br \/>\n(wg arkusza organizacji szko\u0142y na dany rok szkolny)<br \/>\n<strong>Obs\u0142uga<\/strong><br \/>\n\u2022 sprz\u0105taczka \u2013 1 etat<br \/>\n\u2022 sprz\u0105taczka \u2013 0,5 etatu<br \/>\n\u2022 palacz &#8211; 0,5 etatu<\/p>\n","protected":false},"excerpt":{"rendered":"<p>Publiczna Szko\u0142a Podstawowa w \u0141omnie jest samodzieln\u0105 jednostk\u0105 organizacyjn\u0105 z oddzia\u0142ami przedszkolnymi. Organ prowadz\u0105cy: Gmina Paw\u0142\u00f3w Organ nadzoruj\u0105cy: Kuratorium O\u015bwiaty w Kielcach Pracownicy pedagogiczni \u2022 nauczyciele pe\u0142nozatrudnieni \u2022 nauczyciele niepe\u0142nozatrudnieni (wg arkusza organizacji szko\u0142y&#46;&#46;&#46;<\/p>\n","protected":false},"author":2,"featured_media":0,"parent":0,"menu_order":0,"comment_status":"closed","ping_status":"open","template":"","meta":{"_expiration-date-status":"saved","_expiration-date":0,"_expiration-date-type":"","_expiration-date-categories":[],"_expiration-date-options":[]},"_links":{"self":[{"href":"https:\/\/splomno.ibip.info\/index.php?rest_route=\/wp\/v2\/pages\/164"}],"collection":[{"href":"https:\/\/splomno.ibip.info\/index.php?rest_route=\/wp\/v2\/pages"}],"about":[{"href":"https:\/\/splomno.ibip.info\/index.php?rest_route=\/wp\/v2\/types\/page"}],"author":[{"embeddable":true,"href":"https:\/\/splomno.ibip.info\/index.php?rest_route=\/wp\/v2\/users\/2"}],"replies":[{"embeddable":true,"href":"https:\/\/splomno.ibip.info\/index.php?rest_route=%2Fwp%2Fv2%2Fcomments&post=164"}],"version-history":[{"count":2,"href":"https:\/\/splomno.ibip.info\/index.php?rest_route=\/wp\/v2\/pages\/164\/revisions"}],"predecessor-version":[{"id":253,"href":"https:\/\/splomno.ibip.info\/index.php?rest_route=\/wp\/v2\/pages\/164\/revisions\/253"}],"wp:attachment":[{"href":"https:\/\/splomno.ibip.info\/index.php?rest_route=%2Fwp%2Fv2%2Fmedia&parent=164"}],"curies":[{"name":"wp","href":"https:\/\/api.w.org\/{rel}","templated":true}]}}